of 24 and t.
8
Suppose 9*i - 48 = 6*i. Calculate the highest common factor of i and 144.
16
Let q(h) = 2*h**2 + 12*h + 3. Let m be q(-9). Let y = 93 - m. Calculate the greatest common factor of y and 4.
4
Suppose 3*g - 3*f = 12, 0 = -g - 0*g - f + 10. Suppose -3*x + 363 = -3*s, -3*x + 3*s + 356 = g*s. Calculate the highest common divisor of 24 and x.
24
Let a = -19 + 49. Suppose -2*c - d + 6 = 0, -3*c = -2*c + 5*d - 3. Let m be c/(2 + (-34)/20). Calculate the highest common factor of a and m.
10
Let s be 20 + -3 - (1 + 2). What is the highest common divisor of 70 and s?
14
Let y = 9 - 13. Let k be -35*y/(-6)*-3. Suppose 0 = -6*a + 69 + 99. What is the greatest common factor of a and k?
14
Let p be 2/4*(6 - -4). Suppose 3*v + 291 = p*m, v = 5*m - 172 - 125. What is the highest common divisor of m and 15?
15
Let a(w) = w**2 + w - 2. Let m be a(-3). Suppose 0 = c + m*c - 15. Suppose c*o = l - 28, -5*o + 12 = -8*o. Calculate the greatest common divisor of l and 4.
4
Let d(a) = a**2 - 2*a - 2. Let m be d(-4). What is the highest common factor of 88 and m?
22
Let a be (15/20)/(2/24). Let u = 14 - a. Let f be 18*u/((-15)/(-2)). What is the greatest common divisor of 24 and f?
12
Let k(h) = h**3 + 2*h + 10. Let p be k(0). Calculate the greatest common divisor of 130 and p.
10
Suppose f = 4*f - 45. Suppose 0 = -2*j + 5*j - 45. Let r = j - 9. Calculate the greatest common divisor of f and r.
3
Suppose 2*f + 3*z - 17 = 0, -16 = -4*f - 2*z + 6. Let h be 5 - f/((-16)/12). Let l be 1*8/1*10. What is the greatest common factor of l and h?
8
Suppose 3*q + 4 = 151. Let v = -8 - -2. Let c = v + 13. Calculate the greatest common divisor of c and q.
7
Suppose 4*w - 2 = 718. What is the highest common divisor of w and 20?
20
Let z be 6/39 + 82/(-26). Let i be (-166)/(-6) + (-1)/z. What is the highest common divisor of 7 and i?
7
Suppose 2*u = -2*o + 12, 0 = 5*u - 2*o - 101 + 43. Calculate the greatest common divisor of 10 and u.
10
Suppose 0 = -12*z + 8*z + 36. Calculate the greatest common divisor of 54 and z.
9
Suppose -l - 1 + 0 = 0, 0 = -2*o - 2*l + 20. Let k = o - -2. Calculate the greatest common divisor of k and 13.
13
Let n(r) = -4*r - 2. Let h be n(8). Let b = -8 - h. Let m be (-12)/(-42) - (-271)/7. What is the highest common divisor of m and b?
13
Let s(r) = -3*r - 30. Let q be s(-13). Calculate the greatest common factor of q and 81.
9
Let b = -7 - -9. Suppose -4*f = 3*o - 72, -49 + 1 = -b*o - 4*f. Let k be ((-10)/4)/((-2)/o). Calculate the greatest common divisor of 20 and k.
10
Let v = 61 - -147. Suppose -v = 2*n - 6*n. Calculate the greatest common divisor of n and 13.
13
Suppose -3*a - 5*x = -34, 3 - 2 = -x. Suppose 6*l - l = 995. Suppose -5*i + 4*y = -l, 4*y = -4*i + 162 - 10. Calculate the greatest common divisor of a and i.
13
Let r = -24 - -34. Let y = r + -2. What is the highest common divisor of y and 4?
4
Let q(v) = -5*v + 6. Suppose 0*y - y - 4*l = 18, -24 = 3*y + 2*l. Let k be q(y). What is the highest common divisor of k and 4?
4
Let b be (-225)/(-21) - (-2)/7. Let p = -76 - -109. Calculate the highest common factor of b and p.
11
Let o be 6 - (4 + -2)/2. What is the greatest common divisor of 25 and o?
5
Suppose 2*y + 0*y - 4*c - 38 = 0, 0 = -2*y - 4*c - 2. Suppose 0*i + o + y = i, -i + 3*o = -9. Calculate the greatest common factor of i and 1.
1
Let h = -2 + 6. Suppose -4*f = -h*l - 8, 0 = -3*f - 5*l + l + 27. What is the greatest common factor of f and 40?
5
Let d(w) = w**3 + 3*w**2 - 8*w + 2. Let t be d(-4). What is the highest common divisor of 198 and t?
18
Let x = 16 + -11. Suppose x*u + 0 = 10. Suppose -3 - 9 = -u*l. Calculate the greatest common divisor of l and 48.
6
Suppose -18*k = -39 - 105. What is the highest common divisor of 20 and k?
4
Let u be (26 - 0/(-3))*1. Calculate the highest common divisor of 182 and u.
26
Suppose 4*z - 2*z - 264 = 0. What is the highest common factor of z and 12?
12
Suppose 4*y - 2*d = -0*d + 34, -y = 5*d + 8. Let w(c) = -2*c**3 + 2*c + 2. Let u be w(-2). Calculate the highest common factor of y and u.
7
Let z be (30/9)/((-9)/(-27)). Calculate the highest common factor of z and 35.
5
Let g = 18 + 0. What is the greatest common divisor of 162 and g?
18
Let f be ((-2)/5)/(1/(-35)). Let y be ((-36)/f)/((-1)/7). Calculate the greatest common factor of y and 54.
18
Let g = 11 - 6. Let d(a) = g - a**2 + 4 - 4*a - 3. Let q be d(-5). Calculate the greatest common factor of 5 and q.
1
Suppose 0 = 4*w - 14 - 2. Calculate the greatest common factor of 12 and w.
4
Let a be (-216)/(-15) + 4/(-10). What is the greatest common factor of 70 and a?
14
Suppose 3*y + 0*y - 27 = 0. What is the highest common divisor of y and 18?
9
Suppose -33 = -i - 3*x, -i - 17 = 4*x - 51. Calculate the highest common divisor of i and 20.
10
Suppose 5*s - 5 = -4*f + 57, -3*s = 3*f - 39. Calculate the highest common factor of 20 and s.
10
Suppose 0 = -3*y + 3*n + 9, 3*y - n = -6*n + 17. Suppose -2*u = -y*u + 70. What is the greatest common factor of u and 5?
5
Suppose -4 = c - 26. Suppose 4*z - z - 17 = -2*t, 14 = -2*z + 5*t. Suppose 0*f = -z*f + 66. Calculate the highest common divisor of c and f.
22
Suppose -r + 3 = -l + 1, -4*r - 4 = 2*l. Let p be (2 + r - 2)/2. Suppose -n + 13 = -p*n. What is the greatest common divisor of 39 and n?
13
Suppose -3*u = -4*t + 6, 3*t - 11 = -u - 0. Let q be (1/u)/((-2)/(-12)). Let b(d) = -d - 5. Let k be b(-6). Calculate the highest common divisor of q and k.
1
Let v(h) = h**3 + 9*h**2 + 6*h - 11. Let f = 3 + -11. Let p be v(f). What is the greatest common divisor of p and 20?
5
Let p = -86 - -61. Let b = -16 - p. What is the highest common divisor of 81 and b?
9
Suppose -5*h - 4 = -109. Calculate the greatest common divisor of h and 21.
21
Let o = -60 - -90. Let z = o + -21. What is the greatest common factor of z and 18?
9
Suppose -5*n + 5 = -0. Calculate the greatest common divisor of 2 and n.
1
Suppose -5*o + 27 = c, c - 36 = -5*o + 3*c. Calculate the greatest common divisor of 54 and o.
6
Let p(u) be the third derivative of -u**4/4 - 5*u**3/3 + 2*u**2. Let q = -6 - 1. Let o be p(q). Calculate the highest common divisor of 16 and o.
16
Let g(o) = 3*o**2 - o. Let j be g(5). Let u = -37 + j. Let t be 6/u + 2416/22. What is the greatest common factor of 44 and t?
22
Let k(l) = 18*l - 3. Suppose -4*f - 4*a = -16, -4*f + 3*a + 17 = -13. Let q be k(f). Let n = 41 + -26. Calculate the greatest common factor of n and q.
15
Let x = 3 - -1. Suppose j + 36 = y - 2*j, -x*j + 123 = 5*y. Calculate the greatest common factor of y and 270.
27
Let u(i) = i**3 + 5*i**2 - 7*i - 1. Let l be u(-6). Suppose 0 = -3*v - l*r + 7 + 26, 0 = v + 4*r - 4. What is the greatest common divisor of v and 2?
2
Let x(p) = -3*p**2 - 3*p - 1. Let r be x(2). Let q = 35 - r. What is the greatest common factor of 27 and q?
27
Let w be 130 - 16/(-12)*-3. Calculate the highest common factor of w and 14.
14
Let u = -2 + 3. Calculate the greatest common factor of u and 4.
1
Let m be 3*(-4 - -1)*-17. Suppose 5*b - x - m = 0, 2*x = 2*b + x - 63. What is the highest common divisor of b and 6?
6
Suppose x = 5*v - 25, -4*v - 3*x - 5 = -5*v. Suppose -7*q + 2*q + 185 = -v*t, -5*t - 33 = -q. Let f = 24 + -5. Calculate the greatest common factor of f and q.
19
Let j = 20 - 12. Let t(a) = 10*a - 4. Let i be t(6). Calculate the highest common divisor of i and j.
8
Let i = 144 - 76. Calculate the greatest common factor of 102 and i.
34
Let y(u) = 7*u**3 + 2*u**2 - 2*u + 1. Let q be 2/(-4)*2*-1. Let d be y(q). What is the greatest common factor of d and 64?
8
Let t = -6 - 0. Let o be 4/t*(-2 - 4). Suppose 8 = l - 2*f + f, o*f + 5 = -5*l. Calculate the highest common factor of l and 21.
3
Let k = 10 - 6. Suppose 0 = 3*l - 2*y, -2*l + y = -k*y. Suppose -2 = -l*c - c. Calculate the greatest common divisor of c and 16.
2
Let n(a) be the second derivative of -a**4/12 - 2*a**3/3 + a**2 + 2*a. Let o be n(-4). What is the highest common divisor of 16 and o?
2
Suppose 48 = 4*d - 0*l - l, 4*d = -2*l + 48. What is the highest common divisor of d and 6?
6
Suppose -k = -4*y - 9, -2*y - k = 3*k + 18. Let q(b) = -4*b - 3. Let o be q(y). Let a be 6 + (8/3 - (-2)/6). What is the greatest common divisor of o and a?
9
Let c(w) = -3*w**3 + 2*w**2 - 3*w + 2. Let s be